(15/2)/(d/(-30)).
23
Let b(v) = 3*v**3 + 24*v**2 - 18*v + 9. Calculate the remainder when 631 is divided by b(-7).
67
Let c = -25 - -11. Suppose 0 = 2*z - 4*h - 78, 3*z + 5*h = 2*h + 90. Let o = z + c. What is the remainder when o is divided by 8?
3
Suppose 0*l = -9*l + 324. Suppose -32*t + l*t = 16. Let u = 7 - -3. What is the remainder when u is divided by t?
2
Let z = -21026 + 21790. Calculate the remainder when z is divided by 110.
104
Let h = -87 - -112. Calculate the remainder when 28 is divided by -27 + h + 28 + 0.
2
Let c = 80 + -75. Suppose 9 = -d + 3*a - 6, 5 = c*d + a. Calculate the remainder when 62 is divided by (-1 + d)/(6 - 237/39).
10
Let k(m) = -m**2 + 20*m - 77. Suppose 0 = 6*z - 22*z + 368. Calculate the remainder when z is divided by k(13).
9
Suppose 370*p - 566*p = -118188. Calculate the remainder when p is divided by 95.
33
Suppose x - 36 = 3*x. Let w(z) = -2*z**2 - 36*z + 14. Let k be w(x). What is the remainder when (3 - k)*(-4)/2 - 3 is divided by 7?
5
Let g = -24 + 65. Suppose 0 = -6*t + 1595 - 377. Calculate the remainder when t is divided by g.
39
Let u(m) = m**3 - 23*m**2 + 4*m - 72. Let k be u(23). Calculate the remainder when (-15)/k - (-159)/4 is divided by 8.
7
Suppose -5*o - 12 = b, -4*b + b = 3*o. What is the remainder when ((-174)/2)/o + 0 is divided by -1 - -7 - 45/(-10)*(-92)/(-69)?
5
Let a = -27 - -56. Let p = a - 18. Suppose 97129 = -5*c + 3*x + 97323, -3*c = 3*x - 30. What is the remainder when c is divided by p?
6
Let j(d) be the third derivative of d**5/60 + 11*d**4/24 - 11*d**3/2 + 46*d**2. Calculate the remainder when j(7) is divided by 24.
21
Suppose 4*v - 4*l - 504 = 0, -88 = -v - 2*l + 35. Calculate the remainder when 687 is divided by v.
62
Suppose 5*a = 1917*l - 1912*l + 310, 3*l - 162 = -3*a. Suppose i + i - 48 = -3*c, 106 = 3*i - 4*c. What is the remainder when a is divided by i?
28
Suppose -3*h + 153 = -0*h. Let d = -188 + 368. Suppose -14*x + d = 6*x. Calculate the remainder when h is divided by x.
6
Let c(o) = 2*o**3 - 173*o**2 - 79*o - 689. Let a = -1 - -7. Suppose 88 = -2*h + a*h. Calculate the remainder when h is divided by c(87).
1
Let v(s) = 4*s**2 + 137*s - 687. Let n(z) = -z**3 - z**2 + 7. What is the remainder when v(-39) is divided by n(0)?
5
Let h = -114 - -80. Let r = h + 34. Suppose -24 = -4*m + 2*q, -m + 5*m + q - 24 = r. Calculate the remainder when 9 is divided by m.
3
Suppose 3*k - 5*l - 4 = 8, 2*k + l = 21. Let d = -24 - -26. Calculate the remainder when k is divided by (100/(-40))/(d/(-4)).
4
Let y = 848 + -843. Suppose 0 = y*c - 9*c + 1208. Calculate the remainder when c is divided by 79.
65
Let n = -115 + 127. Suppose 4 = -3*w + 2*x, 0 = 2*w - 5*x + 9 + n. Suppose -b = -5*l + 155, w*b - 6*b = -l + 31. What is the remainder when 183 is divided by l?
28
Suppose 145*u - 80559 = 52841. Calculate the remainder when u is divided by 127.
31
Suppose 5*x = -3*v + 318 + 66, 7*v - 2*x = 855. Calculate the remainder when v is divided by 77.
46
Suppose 5*v - 68 - 142 = 0. Suppose 221 = 5*n - 194. What is the remainder when n is divided by v?
41
Let b(x) = 5*x**2 + 98*x - 540. Let z(q) = -q**2 - 25*q + 135. Let m(p) = -2*b(p) - 9*z(p). Calculate the remainder when 39 is divided by m(6).
0
Let k = -218 - -237. Suppose t + 6*q - k = 8*q, t = 5*q + 34. Calculate the remainder when 78 is divided by t.
6
Let y(a) = -28*a**2 + 3*a + 3. Let l be y(-1). Let g be (1/(l/(-24)))/((-1)/(-7)). Suppose -15 = -b - g. What is the remainder when 15 is divided by b?
6
Let h = 3710 - 3655. What is the remainder when 170 is divided by h?
5
Suppose 51 = 9*m - 48. Let t(s) = 2*s**2 - 8*s - 1. Calculate the remainder when t(m) is divided by 26.
23
Calculate the remainder when 109*-2*(-5)/10 is divided by ((-582288)/(-51990))/(2*(-2)/(-20)*2).
25
Suppose d = -5*i + 42, 0 = 2*i + 122 - 126. Let f = -19 + 38. What is the remainder when d is divided by f?
13
Suppose 0 = -5*w - 20, -3*a + 37*w + 919 = 33*w. What is the remainder when 2423 is divided by a?
15
Let z = -45574 + 45613. What is the remainder when 776/6*(-6)/(-4) is divided by z?
38
Let n be (-7)/(-7) - (0 + 1 + -2). Let t(h) = 2 - h**n + 4*h**2 + 0*h**2. What is the remainder when t(-4) is divided by 13?
11
Let z(k) = 3*k**2 + 3*k + 2. Let h be z(-1). Suppose 47 = a - 4*b, 104 = -3*a + 5*a + h*b. Calculate the remainder when 202 is divided by a.
49
Let j(p) = p**3 - 2*p**2 - 25*p + 28. Let a be j(6). Suppose 8 = i - 5*x, 27*i - a*i - 5*x - 60 = 0. What is the remainder when 19 is divided by i?
6
Calculate the remainder when (-24)/(-1404)*-3 + (-377840)/(-156) is divided by 187.
178
Calculate the remainder when 0/(-35) - (-10 + 8)*1160/1 is divided by 129.
127
Let u(o) = -2*o**2 - 5 + 5*o**2 + 4*o**2 + 12*o - 5*o**2. Calculate the remainder when u(-9) is divided by 8 + -3 + 2 - 6/(-2).
9
What is the remainder when 636 is divided by (-1)/((-287)/(-656) + (-1 - (-2)/4))?
12
Let z(x) = x**2 + 8*x - 7. Let q be z(-8). What is the remainder when (q/14)/(2/(-392)) is divided by -18*9/(-27) + 0 + 19?
23
Let s be (-4 - 85/(-20)) + 47/4. Suppose 102 - s = r. Suppose r + 46 = 2*x. Calculate the remainder when x is divided by 18.
14
Let l(d) = 8*d + 13 - 10*d - 4*d - d. Suppose -2*p + 2*y = -60, 4*y - 5 = -4*p + 3*p. What is the remainder when l(-5) is divided by p?
23
Suppose -4710 = -61*b + 6453. Calculate the remainder when b is divided by 96.
87
Suppose -5*j + 14 + 1 = 0. Let l be -3 - ((-1)/j)/(12/180). Suppose 5*s = -l*s + 273. What is the remainder when 76 is divided by s?
37
Let f = 7426 + -7280. Calculate the remainder when 307 is divided by f.
15
Suppose 5*a - 3*v = 419, 103*v = -4*a + 99*v + 348. What is the remainder when 303 is divided by a?
48
What is the remainder when 741 is divided by 22*((-720)/(-110) - 6)?
9
Let a = -9222 - -9304. What is the remainder when 2292 is divided by a?
78
Suppose 5*y + t = 463, -2*t + 7*t = -2*y + 199. What is the remainder when 296 is divided by y?
20
Let s be (-3)/((-36)/(-30))*320/(-25). Suppose 0 = -p + 70 - s. What is the remainder when p is divided by 31?
7
Suppose -106*h = 44*h - 14*h - 82552. Calculate the remainder when h is divided by 205.
197
Let l(m) = -39*m - 2. Let u = -9873 - -9893. Calculate the remainder when l(-2) is divided by u.
16
Let t(i) be the third derivative of -23*i**4/24 - 49*i**3/6 - 11*i**2 - 1. What is the remainder when 53 is divided by t(-3)?
13
Calculate the remainder when -8*(-10 - (-924)/(-32)) is divided by 8.
7
Suppose -20*q + 332 + 221 = 173. Calculate the remainder when 377 is divided by q.
16
Let l(c) = c**2 - c + 5. Let x = -58 + 61. Calculate the remainder when 50 is divided by l(x).
6
What is the remainder when (-23 + 15 - -9)*(0 - -977) is divided by 49?
46
Let g = 750 + -504. Suppose -2*j = -5*l - g, 3*l + 0*l + 492 = 4*j. Let n = 632 + -611. Calculate the remainder when j is divided by n.
18
Let d = 5213 - 5051. What is the remainder when 262 is divided by d?
100
Suppose 502*z - 507*z + 159 = 3*g, 97 = 3*z + g. Calculate the remainder when 234 is divided by z.
3
Let l be (-2)/((-2)/(24/(-9)*3)). Let h be ((-6)/4 + 1)*l. Suppose 0 = -4*i, -52 + 17 = -5*a + h*i. Calculate the remainder when 7 is divided by a.
0
Suppose 3*z - 2*z - 9 = 0. Let b be 192/(-30)*5/(-2). Let f(x) = x**2 - 17*x + 50. What is the remainder when f(b) is divided by z?
7
Let b = 157 + -107. Let y(m) = m**2 + 25*m + 135. What is the remainder when b is divided by y(-20)?
15
Suppose -r = -72900 + 72813. Suppose -4*f = -f - 66. Calculate the remainder when r is divided by f.
21
Suppose -48*h = -35*h - 5603. Let s = h + -283. What is the remainder when s is divided by 6?
4
Suppose 27*f + w = 31*f - 101, 5*w = -f + 20. Calculate the remainder when 71 + (0 - 1 - -4) is divided by f.
24
Suppose -5*r = 4*a - 30, -16 = -2*a - 6*r + 4*r. What is the remainder when -139*(-5)/(-10)*(1 + -3) is divided by a?
9
What is the remainder when (6/4)/(9*3/24264) is divided by 30?
28
Let b = -134 - -191. Calculate the remainder when b is divided by (-110*(-24)/540)/(2/9).
13
Suppose 0 = -s - 4*v + 18, 4*s + v + 13 = 2*v. Calculate the remainder when 178 is divided by (-3)/s*41 + (-6)/4.
58
Let h(g) = 186*g - 1812. Calculate the remainder when h(12) is divided by 21.
0
Suppose x = 5*b - 96, -4*b + 5*x = -11 - 49. Let 